alse
Is 814 a factor of 107175094?
False
Does 37 divide 1849075?
True
Is 1483069287 a multiple of 2382?
False
Is 4503 a factor of 52737982?
False
Does 13 divide 9642707?
False
Is 1403810100 a multiple of 2100?
True
Does 25 divide 244128700?
True
Does 701 divide 45662956?
False
Is 138307276 a multiple of 2931?
False
Is 167 a factor of 96445002?
False
Is 800 a factor of 13306400?
True
Is 233 a factor of 1666905766?
True
Is 170 a factor of 14809550?
True
Does 12 divide 2649784160?
False
Is 31 a factor of 244843611?
True
Does 4 divide 16670700?
True
Does 3 divide 17826600?
True
Does 1743 divide 297057591?
False
Does 13 divide 146333237?
False
Does 716 divide 19494152?
False
Does 47 divide 495155669?
True
Does 2890 divide 2980997466?
False
Does 11 divide 680964053?
True
Is 27 a factor of 17757193?
False
Is 166943150 a multiple of 701?
True
Is 2888 a factor of 2068521336?
True
Is 320971648 a multiple of 1275?
False
Does 62 divide 131386680?
True
Is 8 a factor of 136501163?
False
Does 4594 divide 452124202?
False
Does 30 divide 215658150?
True
Is 22080275 a multiple of 35?
True
Is 176861459 a multiple of 4?
False
Is 62527621 a multiple of 99?
False
Does 925 divide 37030191?
False
Is 15 a factor of 1515065344?
False
Does 53 divide 5690552?
False
Does 360 divide 131829635?
False
Does 1080 divide 284769000?
True
Is 6400 a factor of 72729600?
True
Does 712 divide 484643448?
True
Is 15 a factor of 145363710?
True
Is 27134751 a multiple of 43?
False
Does 92 divide 1884087167?
False
Is 614 a factor of 596377586?
True
Is 8190871 a multiple of 10?
False
Does 4192 divide 645445675?
False
Does 98 divide 636079580?
False
Does 7 divide 125414980?
False
Is 155 a factor of 1066036370?
True
Is 363320356 a multiple of 214?
False
Is 4347 a factor of 987125454?
True
Is 123 a factor of 36253333?
False
Is 15307795 a multiple of 1148?
False
Is 59107025 a multiple of 707?
False
Does 8 divide 16623536?
True
Does 5 divide 47239944?
False
Does 9 divide 1910294154?
True
Is 156599608 a multiple of 268?
False
Does 33 divide 439799007?
False
Does 986 divide 236188412?
True
Is 1196858752 a multiple of 85?
False
Is 25 a factor of 282041336?
False
Is 126 a factor of 290567093?
False
Does 34 divide 1208023910?
True
Does 58 divide 26461534?
False
Is 35 a factor of 109522995?
False
Does 15 divide 5543730?
True
Does 990 divide 1887670620?
True
Does 555 divide 4952262780?
True
Is 68500152 a multiple of 126?
True
Is 430880294 a multiple of 14?
False
Is 42654621 a multiple of 126?
False
Is 1716799591 a multiple of 6154?
False
Is 12 a factor of 300055300?
False
Does 47 divide 507529030?
True
Does 2358 divide 2153600776?
False
Is 1312641631 a multiple of 17?
False
Is 132 a factor of 432086725?
False
Is 70289440 a multiple of 40?
True
Is 38 a factor of 7261367020?
False
Is 7597 a factor of 376195843?
True
Does 111 divide 5581122624?
True
Is 23 a factor of 6555966?
True
Is 16 a factor of 260855744?
True
Is 1280 a factor of 104161570?
False
Does 30 divide 16514782?
False
Is 168 a factor of 82206096?
True
Does 57 divide 115119151?
False
Is 307 a factor of 696233797?
False
Is 30 a factor of 2084854058?
False
Is 13 a factor of 373621495?
True
Does 304 divide 24731920?
True
Is 300 a factor of 354110100?
True
Does 17 divide 253817429?
True
Does 9 divide 850978645?
False
Is 12 a factor of 80094600?
True
Is 43745126 a multiple of 173?
True
Is 586 a factor of 671789228?
True
Is 12850573 a multiple of 194?
False
Is 4 a factor of 9032303?
False
Is 44 a factor of 157458350?
False
Is 208705340 a multiple of 1979?
True
Is 52 a factor of 10090600?
True
Is 377497792 a multiple of 448?
True
Does 1651 divide 10663146?
False
Is 14 a factor of 131502021?
False
Is 1742418 a multiple of 123?
True
Does 1009 divide 144324316?
False
Is 179 a factor of 511218212?
False
Does 10 divide 79489702?
False
Does 403 divide 734100484?
False
Is 740 a factor of 18499575?
False
Is 864517030 a multiple of 10?
True
Is 504 a factor of 65301264?
True
Does 608 divide 960435728?
False
Does 1529 divide 47778192?
True
Is 238068603 a multiple of 613?
False
Is 337 a factor of 108122784?
False
Is 1525204278 a multiple of 403?
True
Is 21 a factor of 2764230?
True
Is 2696 a factor of 197881415?
False
Is 60892890 a multiple of 14?
False
Is 75 a factor of 288240698?
False
Is 19 a factor of 52201315?
False
Is 496321012 a multiple of 41?
False
Is 1738361482 a multiple of 598?
True
Does 8 divide 71634445?
False
Does 1843 divide 168133204?
True
Does 445 divide 47999444?
False
Is 188277102 a multiple of 12?
False
Is 23596991 a multiple of 2?
False
Is 233257920 a multiple of 840?
True
Is 967681751 a multiple of 37?
False
Is 821065063 a multiple of 13?
True
Is 4458558 a multiple of 169?
True
Is 19 a factor of 13644261?
True
Is 14 a factor of 109115364?
False
Is 9 a factor of 137489470?
False
Is 11 a factor of 215677603?
False
Is 2756332053 a multiple of 1251?
True
Is 71 a factor of 8709641?
True
Is 97 a factor of 19400679?
True
Does 1988 divide 552616288?
True
Does 35 divide 31515686?
False
Is 18015365 a multiple of 26?
False
Does 371 divide 179494862?
False
Is 1227 a factor of 475317605?
False
Does 30 divide 2723860272?
False
Is 975207057 a multiple of 13?
False
Does 434 divide 9724204?
True
Is 5521010112 a multiple of 9648?
True
Is 10 a factor of 246832599?
False
Is 294858102 a multiple of 998?
True
Does 111 divide 48716989?
False
Is 973394700 a multiple of 190?
True
Does 225 divide 696251335?
False
Is 1373685 even?
False
Is 59 a factor of 14963112?
False
Is 1446 a factor of 4807363?
False
Does 21 divide 108705156?
True
Is 6452 a factor of 1076832348?
True
Is 10 a factor of 42998588?
False
Is 182777107 even?
False
Is 16 a factor of 1181516160?
True
Is 308805393 a multiple of 109?
True
Is 469 a factor of 1894736808?
False
Is 78270864 a multiple of 8?
True
Is 91788239 a multiple of 701?
True
Does 5 divide 23840831?
False
Does 22 divide 12073857?
False
Is 3960 a factor of 185816029?
False
Does 25 divide 79272500?
True
Does 25 divide 241097825?
True
Does 65 divide 1099517944?
False
Is 138292588 a multiple of 28?
True
Does 241 divide 2610994?
True
Does 3 divide 10835427?
True
Does 2 divide 88141923?
False
Is 407542685 a multiple of 1045?
True
Is 601408044 a multiple of 1374?
True
Is 3 a factor of 255178119?
True
Is 140 a factor of 85568378?
False
Is 169 a factor of 350027899?
True
Does 1071 divide 496306755?
True
Does 74 divide 38648487?
False
Does 60 divide 46715700?
True
Is 4266 a factor of 4281464306?
False
Is 9 a factor of 52273215?
True
Does 714 divide 1118745180?
True
Is 133 a factor of 88475324?
True
Is 12 a factor of 3609006394?
False
Is 9107874 a multiple of 487?
True
Does 404 divide 740042?
False
Is 192 a factor of 150226042?
False
Is 240399390 a multiple of 128?
False
Does 40 divide 20539520?
True
Is 156 a factor of 12020288?
False
Does 944 divide 320141779?
False
Is 489465990 a multiple of 13?
True
Is 840517490 a multiple of 2786?
False
Does 16 divide 24292560?
True
Does 550 divide 596781350?
True
Does 346 divide 111245920?
True
Is 2091118 a multiple of 19?
False
Is 144 a factor of 84198917?
False
Is 35549632 a multiple of 502?
True
Is 448 a factor of 13422564?
False
Is 878521215 a multiple of 85?
False
Does 32 divide 302056128?
True
Is 1265 a factor of 1312078240?
True
Does 180 divide 533908866?
False
Is 14 a factor of 10709502?
False
Is 23102352 a multiple of 28?
True
Does 18 divide 155931858?
True
Is 6714085 a multiple of 825?
False
Does 1506 divide 256288068?
True
Is 98 a factor of 140948892?
True
Is 162733146 a multiple of 17?
True
Is 94 a factor of 595414091?
False
Is 6926700 a multiple of 6?
True
Does 1105 divide 7028907965?
False
Does 11231 divide 1945299048?
True
Does 1608 divide 279951192?
True
Does 1004 divide 6135180991?
False
Does 581 divide 35160377?
True
Is 171 a factor of 1317051405?
True
Is 6 a factor of 124135399?
False
Does 131 divide 11684152?
True
Does 22 divide 791230308?
True
Is 12946310 a multiple of 340?
False
Does 81 divide 88448112?
True
Is 722 a factor of 35798756?
False
Is 187 a factor of 10951072?
False
Is 13 a factor of 793291743?
False
Is 2830023745 a multiple of 40?
False
Does 16 divide 1033432656?
True
Is 89 a factor of 817193817?
True
Is 10 a factor of 10548290?
True
Is 27756800 a multiple of 320?
True
D